What is the tens digit of p?
3
Suppose -39294 = -3*i - 3981. What is the tens digit of i?
7
Let l(m) = -m**2 + 14*m + 35. Let g be l(16). Let h be (4/g)/((-9)/(-27)). What is the units digit of 114/(-95)*(-230)/h?
9
Suppose -112 + 5253 = 3*w + 4*l, 0 = -l - 4. What is the hundreds digit of w?
7
What is the tens digit of (-2)/(5753/(-719) - -8)?
3
Let d = -54 + 67. Suppose 0 = 9*w - d*w + 72. What is the tens digit of (w/117 - (-18)/52)*238?
1
Suppose h = -4*p - 812 + 232, -4*p + 2*h - 568 = 0. Let y = p - -242. What is the units digit of y?
8
Let p = 30596 - 28754. What is the hundreds digit of p?
8
Let b be (1395/(-30))/(6/(-16)). What is the units digit of (((-35)/(-10))/(2/b))/1?
7
Suppose 3*f + 2329 = 4*p + 8068, 2865 = -2*p + 3*f. Let r = 2127 + p. What is the hundreds digit of r?
6
Let g(s) = 61*s**3 - 15*s**2 + 72*s - 265. What is the thousands digit of g(4)?
3
Let m = -16776 + 48573. What is the ten thousands digit of m?
3
Suppose 5*p + 5*q = -1944 - 7511, -5689 = 3*p - q. Let y = p - -3453. What is the thousands digit of y?
1
Let u be 1 - (-1)/((3 + -5)/(-4)). Let g be (u - 3 - -3) + 25. What is the units digit of (-8)/g - (-450)/7?
4
Suppose -3*c - 4*c + 70 = 0. Let k be (c/(-4) + 2)*-10. Suppose -k*f = -2*r - 72, -24 = -2*f + r - 5*r. What is the units digit of f?
4
What is the units digit of ((1078/4)/7)/(3/366)?
7
Suppose -4*c = -2*g - 3*g + 477, -2*c - 192 = -2*g. What is the units digit of (-8)/((-32)/12) - -1*g?
6
Suppose -2*i = m + 29 - 28, -m = 3*i + 1. Suppose 2*b - 16 + 0 = 0. Suppose -135 = 3*x - b*x - 3*w, i = 5*x - 2*w - 135. What is the tens digit of x?
2
Suppose 29*r - 85 = -5*o + 27*r, 2*o - 34 = -5*r. What is the thousands digit of (-2)/(-4)*(2349 + (o - 12))?
1
Suppose -5*k - 46 + 71 = 0. Let b be (3/3 - -1)*k/5. Suppose 4*w = -b*w + 516. What is the tens digit of w?
8
Let h = -5 - -7. Suppose 0 = -2*c - 2*s - h*s + 682, -c = -4*s - 335. Suppose -3*w + f + c = 5*f, -4*w = -2*f - 430. What is the units digit of w?
9
Suppose 6*w - 5*m + 5264 = 8*w, 2*w = -3*m + 5272. Suppose 2*d - 772 = -2*p + 1000, 5*d = 3*p - w. What is the hundreds digit of p?
8
Let i(n) = -n**3 + 24*n**2 + 27. What is the units digit of i(12)?
5
Suppose -165 = x + s - 1646, 0 = 5*x + 4*s - 7404. What is the tens digit of x?
8
Let c(f) = 6*f + 2215. Let y be c(0). Suppose y - 551 = -8*w. Let u = w + 344. What is the hundreds digit of u?
1
Suppose 5*m - 5*m + 5*m = 0. Let g(j) = 27*j + 19. What is the tens digit of g(m)?
1
Let j(q) = q**2 + 7*q + 6. Let f be j(-7). What is the units digit of 4/f*(12/2 + 261)?
8
Let f be ((-4)/(-10)*5)/1. Let l be (2 - -1) + f - (-2)/2. Suppose -l*q - 330 = -11*q. What is the tens digit of q?
6
Let v(z) = 2*z**2 + 34*z - 14. Let w be v(39). Suppose 1172 = 6*k - w. What is the tens digit of k?
2
What is the units digit of (8 - 2)*(-40912)/30*-5?
2
Suppose -28*l - 357846 = -1209858. What is the ten thousands digit of l?
3
Let w = -492 - -495. Suppose 20 = 4*o, -o = -5*s + w*o + 355. What is the tens digit of s?
7
Let q(o) = o**3 - 5*o**2 + 4. Let s be q(5). Let d(i) = 6 - 6*i - s*i - 6*i + 0*i. What is the units digit of d(-3)?
4
Let n(o) be the first derivative of 28/3*o**3 - 1 - 3*o + o**2. What is the tens digit of n(2)?
1
Let q(b) = -27*b**2 - b - 11. Let h(y) = -55*y**2 - 3*y - 21. Let i(w) = 3*h(w) - 7*q(w). What is the tens digit of i(4)?
9
Let t = -1896 - 198. What is the units digit of (-30)/(-10) + t/(-6)?
2
Let s(l) = 2838*l**2 - 63*l + 142. What is the tens digit of s(4)?
9
What is the hundreds digit of (169897/(-28))/(-13)*8?
7
Let i(v) = -v**2 - 30*v - 29. Let b be i(-30). What is the units digit of 84 + b - (-7 + 2 + 1)?
9
Suppose 14 = q - 3*n, -n + 0 - 18 = -3*q. Let m be ((-15)/6)/(q/(-10) - 0). Suppose x - 64 = -5*c - 2*x, 0 = m*c - 4*x - 78. What is the tens digit of c?
1
Suppose 136980 = -9*w + 29*w. What is the tens digit of w?
4
Let g = -8012 - -20684. What is the ten thousands digit of g?
1
Let r(m) = 322*m**2 - 2*m - 2. Let g be r(-1). Suppose 2*d - g = 286. What is the tens digit of d?
0
Suppose -5*d = -t + 5016 + 10022, 0 = -5*t + d + 75166. What is the hundreds digit of t?
0
Suppose -2*t = 7*t + 4*y - 38669, -3*t + 3*y = -12894. What is the tens digit of t?
9
Let k = 5838 - 2718. Suppose -3*s - u = -6*u - k, 4*s + u = 4183. Suppose 7*f - s = 2*f. What is the tens digit of f?
0
Let t = 21127 - 13750. What is the units digit of t?
7
Let a(u) = -u**3 + 3*u + 4. Suppose -4*r + 2 = 10. Let q be a(r). Suppose -q*y - 3*x + 117 = -y, 0 = -4*x - 4. What is the units digit of y?
4
Let o(d) = 138*d + 8. Let q(n) = 46*n + 3. Let l(y) = 2*o(y) - 7*q(y). Suppose 4*f + 8*s - 6*s = -6, 3 = -4*f - 5*s. What is the tens digit of l(f)?
8
Suppose 77 = -2*j - u, -2*j - j = -3*u + 102. Suppose 4*l = -3*k + 317, -23*l + 22*l + 203 = 2*k. Let d = k + j. What is the tens digit of d?
6
Let i be (-178)/9 + (12/27)/(-2). Let d be (15/12)/((-1)/i). What is the tens digit of 690/d*20/6?
9
Let y = -48 - -50. Suppose -3*o + 0*b + 143 = -y*b, 5*o - 3*b - 239 = 0. What is the units digit of o?
9
Let o(z) be the second derivative of -z**5/20 + z**4/12 - z**3/6 + 958*z**2 + 130*z. What is the hundreds digit of o(0)?
9
Let x be (21/(-6))/(2/4). Let t(i) be the second derivative of i**5/20 + 2*i**4/3 - 8*i**2 - 4*i - 25. What is the units digit of t(x)?
3
Let d = -6607 - -19744. What is the ten thousands digit of d?
1
Let n(l) = 12376*l - 3226. What is the units digit of n(4)?
8
Let f = 352 - 506. Let c = f - 33. Let w = -79 - c. What is the tens digit of w?
0
Let i = 500 - -734. What is the hundreds digit of 10/(40/(-6))*i/(-3)?
6
Let j = -1253 - -7312. Let r = -1789 + j. Suppose -1488 = 13*h - r. What is the hundreds digit of h?
2
Let c = -22803 - -56654. What is the tens digit of c?
5
Suppose 0 = -5*u + 64 - 69. Let q be (4/(-12))/(u/(57 + 0)). Suppose r - q = -3*z - 2*z, 0 = 3*r + z - 85. What is the tens digit of r?
2
What is the thousands digit of (16536/364)/(4/2534)?
8
Suppose -5*r + 10*r = 10. Let d be (r/(-3))/(1916/(-636) + 3). What is the tens digit of -2 + -2 + d + 2?
5
Suppose -5*j + w = -43637, 199*w - 195*w - 43652 = -5*j. What is the units digit of j?
8
Suppose -22*n + 35 = -17*n. Suppose n*s = 95 - 18. Suppose -s*p + 187 + 2706 = 0. What is the tens digit of p?
6
Suppose 67*k = 25*k + 88788. What is the hundreds digit of k?
1
What is the hundreds digit of 36/24*(1 + 1 + 988/6)?
2
Suppose 4*s - 8 = -3*r, -2*s + 4*s = 10. What is the tens digit of ((-1059)/r)/(7 + 371/(-56))?
0
Suppose m + 6 - 9 = 0. Suppose -r + 4 = 0, -m*l + 6*l = -r + 4. Suppose 2*c + 2*p - 3*p - 71 = 0, -4*c - 3*p + 167 = l. What is the tens digit of c?
3
Let f(w) = -46*w - 20. What is the units digit of f(-73)?
8
Suppose 0 = 13*j - 497 - 829. Suppose -p = -5*r - j - 289, 0 = r + 1. What is the hundreds digit of p?
3
Let k(v) = -1229*v + 1338. What is the units digit of k(-8)?
0
Suppose -5*d - 2*n + 105400 = 0, 0 = -2*d + 2*n + 19405 + 22755. What is the units digit of d?
0
Let m = 90 + -86. Suppose -2*n + s + 1571 + 236 = 0, -2723 = -3*n + m*s. What is the tens digit of n?
0
Let d be (-1136)/(-14) + (-126)/(-147). Suppose d*v - 3051 = 73*v. What is the tens digit of v?
3
Let g be 3/15 - (-201)/(-5). Let o = 172 - g. What is the units digit of o?
2
Suppose -z + 63 = -g, 3*z - 154 = -7*g + 3*g. Let a = 114 - z. What is the tens digit of a?
5
Suppose 21785 = 101*h - 97*h - 5*c, -3*h + 16340 = -5*c. What is the tens digit of h?
4
Let u = -86 - -86. Let q(f) = 2*f**2 - f + 400. What is the hundreds digit of q(u)?
4
Let v be (15 + -15)*1/3. Suppose v = y - 74 + 20. Suppose y = 5*a - 3*i + 9, 0 = -2*a - 4*i + 18. What is the units digit of a?
9
Let m be (44/(-8) - -5 - 18)*-34. What is the tens digit of (-6 - -4) + (m - -4)?
3
Let a = 63 - 36. Let u = a - 35. Let w = 47 + u. What is the units digit of w?
9
Let p(d) = -15*d + 22. Let n be p(-13). Let h = n + -123. Suppose o = -a - 3*o + h, o + 197 = 2*a. What is the tens digit of a?
9
Let l(z) = 202*z**2 + 4*z + 4. Let b be l(-1). Suppose 58 = -16*n + b. Suppose 2098 = n*g + 442. What is the hundreds digit of g?
1
Suppose 11*n - 313656 = -40*n - 567. What is the tens digit of n?
3
Suppose -20*r = -424864 + 32884. What is the hundreds digit of r?
5
Let x(k) be the third derivative of -k**5/60 + k